878 is divided by 9955.
13
Calculate the remainder when 1918370 is divided by 639453.
11
Calculate the remainder when 9228 is divided by 1490.
288
Calculate the remainder when 4486 is divided by 1478.
52
What is the remainder when 338001 is divided by 24?
9
Calculate the remainder when 1373 is divided by 35.
8
Calculate the remainder when 16948 is divided by 253.
250
What is the remainder when 8578 is divided by 270?
208
Calculate the remainder when 2241 is divided by 31.
9
Calculate the remainder when 4202 is divided by 21.
2
What is the remainder when 11514 is divided by 1449?
1371
Calculate the remainder when 630892 is divided by 20.
12
Calculate the remainder when 8754 is divided by 2904.
42
Calculate the remainder when 367085 is divided by 874.
5
Calculate the remainder when 1667399 is divided by 185.
179
Calculate the remainder when 5007 is divided by 741.
561
Calculate the remainder when 28440 is divided by 279.
261
What is the remainder when 82837 is divided by 82828?
9
What is the remainder when 18104 is divided by 15?
14
What is the remainder when 1751524 is divided by 96?
4
What is the remainder when 82576 is divided by 8257?
6
What is the remainder when 6468 is divided by 816?
756
What is the remainder when 14350 is divided by 29?
24
What is the remainder when 4339 is divided by 108?
19
What is the remainder when 9214 is divided by 279?
7
Calculate the remainder when 10613 is divided by 3496.
125
What is the remainder when 41063 is divided by 43?
41
What is the remainder when 8053 is divided by 371?
262
Calculate the remainder when 2236159 is divided by 29.
27
What is the remainder when 5427 is divided by 562?
369
Calculate the remainder when 322063 is divided by 430.
423
Calculate the remainder when 3405 is divided by 261.
12
Calculate the remainder when 10290 is divided by 73.
70
What is the remainder when 1008 is divided by 314?
66
What is the remainder when 31454 is divided by 17?
4
What is the remainder when 24957 is divided by 321?
240
Calculate the remainder when 65618 is divided by 32798.
22
Calculate the remainder when 193627 is divided by 439.
28
Calculate the remainder when 6107 is divided by 678.
5
Calculate the remainder when 59925 is divided by 22.
19
What is the remainder when 32115 is divided by 83?
77
What is the remainder when 10848 is divided by 306?
138
Calculate the remainder when 21845 is divided by 230.
225
Calculate the remainder when 44457 is divided by 117.
114
What is the remainder when 406511 is divided by 11?
6
Calculate the remainder when 11257 is divided by 88.
81
What is the remainder when 918368 is divided by 2?
0
What is the remainder when 1528 is divided by 45?
43
Calculate the remainder when 1558 is divided by 98.
88
Calculate the remainder when 120 is divided by 110.
10
What is the remainder when 201417 is divided by 9?
6
What is the remainder when 923 is divided by 123?
62
What is the remainder when 5522 is divided by 2610?
302
What is the remainder when 1907 is divided by 304?
83
Calculate the remainder when 65513 is divided by 192.
41
What is the remainder when 5104 is divided by 5086?
18
Calculate the remainder when 561131 is divided by 79.
73
What is the remainder when 1784 is divided by 119?
118
What is the remainder when 17332 is divided by 170?
162
Calculate the remainder when 458930 is divided by 68.
66
What is the remainder when 82373 is divided by 2?
1
Calculate the remainder when 13824 is divided by 35.
34
Calculate the remainder when 228220 is divided by 27.
16
Calculate the remainder when 8621 is divided by 154.
151
Calculate the remainder when 130436 is divided by 22.
20
What is the remainder when 3385 is divided by 675?
10
What is the remainder when 247431 is divided by 37?
12
What is the remainder when 27637 is divided by 6907?
9
What is the remainder when 1246 is divided by 48?
46
Calculate the remainder when 583 is divided by 142.
15
Calculate the remainder when 15118 is divided by 3776.
14
What is the remainder when 6467 is divided by 27?
14
What is the remainder when 169811 is divided by 56595?
26
Calculate the remainder when 262259 is divided by 417.
383
What is the remainder when 113590 is divided by 20?
10
Calculate the remainder when 22200 is divided by 347.
339
What is the remainder when 79139 is divided by 60?
59
Calculate the remainder when 54453 is divided by 1362.
1335
Calculate the remainder when 8129 is divided by 328.
257
Calculate the remainder when 2578 is divided by 845.
43
Calculate the remainder when 49315 is divided by 2734.
103
What is the remainder when 144338 is divided by 88?
18
Calculate the remainder when 19551 is divided by 31.
21
What is the remainder when 8076 is divided by 59?
52
What is the remainder when 33556 is divided by 52?
16
Calculate the remainder when 1407 is divided by 236.
227
Calculate the remainder when 1226 is divided by 13.
4
Calculate the remainder when 43430 is divided by 43335.
95
What is the remainder when 55701 is divided by 705?
6
What is the remainder when 244598 is divided by 672?
662
What is the remainder when 38940 is divided by 38869?
71
Calculate the remainder when 5888 is divided by 256.
0
What is the remainder when 14796 is divided by 4725?
621
Calculate the remainder when 41744 is divided by 588.
584
Calculate the remainder when 658115 is divided by 147.
143
Calculate the remainder when 92028 is divided by 403.
144
Calculate the remainder when 2603 is divided by 12.
11
Calculate the remainder when 28786 is divided by 45.
31
What is the remainder when 898073 is divided by 112258?
9
What is the remainder when 20493 is divided by 209?
11
Calculate the remainder when 108019 is divided by 53988.
43
Calculate the remainder when 1771 is divided by 408.
139
Calculate the remainder when 346564 is divided by 11950.
14
What is the remainder when 4342 is divided by 1847?
648
Calculate the remainder when 685667 is divided by 19.
14
What is the remainder when 11141 is divided by 10933?
208
Calculate the remainder when 12962 is divided by 236.
218
What is the remainder when 2111 is divided by 650?
161
What is the remainder when 2728791 is divided by 909594?
9
Calculate the remainder when 38852 is divided by 95.
92
What is the remainder when 143909 is divided by 184?
21
What is the remainder when 14467 is divided by 1621?
1499
Calculate the remainder when 1569992 is divided by 9.
5
What is the remainder when 3856 is divided by 17?
14
What is the remainder when 6607 is divided by 821?
39
What is the remainder when 136566 is divided by 136553?
13
What is the remainder when 214713 is divided by 177?
12
What is the remainder when 9493 is divided by 1207?
1044
Calculate the remainder when 6523 is divided by 178.
115
What is the remainder when 2051 is divided by 576?
323
What is the remainder when 3322 is divided by 142?
56
What is the remainder when 950 is divided by 347?
256
Calculate the remainder when 1148 is divided by 251.
144
Calculate the remainder when 30163 is divided by 20.
3
Calculate the remainder when 156364 is divided by 42.
40
Calculate the remainder when 8066 is divided by 450.
416
Calculate the remainder when 12827 is divided by 223.
116
What is the remainder when 27332 is divided by 98?
88
Calculate the remainder when 2893439 is divided by 822.
821
What is the remainder when 229606 is divided by 76530?
16
What is the remainder when 7131 is divided by 6945?
186
What is the remainder when 122141 is divided by 40706?
23
What is the remainder when 7190 is divided by 120?
110
Calculate the remainder when 203726 is divided by 8857.
15
Calculate the remainder when 3579 is divided by 642.
369
Calculate the remainder when 1452376 is divided by 840.
16
Calculate the remainder when 121571 is divided by 27.
17
What is the remainder when 97338 is divided by 48655?
28
What is the remainder when 2545 is divided by 14?
11
What is the remainder when 85264 is divided by 32?
16
Calculate the remainder when 1647 is divided by 15.
12
What is the remainder when 6878 is divided by 153?
146
What is the remainder when 122230 is divided by 33?
31
Calculate the remainder when 25694 is divided by 1712.
14
What is the remainder when 33371 is divided by 113?
36
What is the remainder when 10557 is divided by 569?
315
What is the remainder when 6